{"id":54,"date":"2018-05-24T09:07:46","date_gmt":"2018-05-24T09:07:46","guid":{"rendered":"https:\/\/music-pur.de\/?page_id=54"},"modified":"2018-05-28T09:35:32","modified_gmt":"2018-05-28T09:35:32","slug":"ton-und-licht","status":"publish","type":"page","link":"https:\/\/music-pur.de\/index.php\/ton-und-licht\/","title":{"rendered":"Ton und Licht"},"content":{"rendered":"<p><img loading=\"lazy\" decoding=\"async\" class=\"alignnone size-medium wp-image-114\" src=\"https:\/\/music-pur.de\/wp-content\/uploads\/2018\/05\/j\u00fcrgen-ton-und-licht-300x197.jpg\" alt=\"\" width=\"300\" height=\"197\" srcset=\"https:\/\/music-pur.de\/wp-content\/uploads\/2018\/05\/j\u00fcrgen-ton-und-licht-300x197.jpg 300w, https:\/\/music-pur.de\/wp-content\/uploads\/2018\/05\/j\u00fcrgen-ton-und-licht-609x400.jpg 609w, https:\/\/music-pur.de\/wp-content\/uploads\/2018\/05\/j\u00fcrgen-ton-und-licht.jpg 694w\" sizes=\"auto, (max-width: 300px) 100vw, 300px\" \/><\/p>\n<p>J\u00fcrgen J\u00fcrgensen:<\/p>\n<p>Der \u00dcbergang in die digitale Mixerwelt erm\u00f6glicht ihm endlich seine Idee von Raum- und Echoeffekten f\u00fcr alle Instrumentengattungen perfekt umzusetzen. Den H\u00f6hepunkt seiner kreativen Entfaltung erreicht er bei der Steuerung von Licht und Nebel. Sehr zur Freude der B\u00fchnenarbeiter.<\/p>\n<p style=\"text-align: right;\"><a href=\"https:\/\/music-pur.de\/index.php\/band\/\">zur\u00fcck<\/a><\/p>\n","protected":false},"excerpt":{"rendered":"<p>J\u00fcrgen J\u00fcrgensen: Der \u00dcbergang in die digitale Mixerwelt erm\u00f6glicht ihm endlich seine Idee von Raum- und Echoeffekten f\u00fcr alle Instrumentengattungen perfekt umzusetzen. Den H\u00f6hepunkt seiner kreativen Entfaltung erreicht er bei der Steuerung von Licht und&hellip; <a href=\"https:\/\/music-pur.de\/index.php\/ton-und-licht\/\">Mehr<\/a><\/p>\n","protected":false},"author":2,"featured_media":0,"parent":0,"menu_order":0,"comment_status":"closed","ping_status":"closed","template":"","meta":{"footnotes":""},"class_list":["post-54","page","type-page","status-publish","hentry"],"_links":{"self":[{"href":"https:\/\/music-pur.de\/index.php\/wp-json\/wp\/v2\/pages\/54","targetHints":{"allow":["GET"]}}],"collection":[{"href":"https:\/\/music-pur.de\/index.php\/wp-json\/wp\/v2\/pages"}],"about":[{"href":"https:\/\/music-pur.de\/index.php\/wp-json\/wp\/v2\/types\/page"}],"author":[{"embeddable":true,"href":"https:\/\/music-pur.de\/index.php\/wp-json\/wp\/v2\/users\/2"}],"replies":[{"embeddable":true,"href":"https:\/\/music-pur.de\/index.php\/wp-json\/wp\/v2\/comments?post=54"}],"version-history":[{"count":4,"href":"https:\/\/music-pur.de\/index.php\/wp-json\/wp\/v2\/pages\/54\/revisions"}],"predecessor-version":[{"id":125,"href":"https:\/\/music-pur.de\/index.php\/wp-json\/wp\/v2\/pages\/54\/revisions\/125"}],"wp:attachment":[{"href":"https:\/\/music-pur.de\/index.php\/wp-json\/wp\/v2\/media?parent=54"}],"curies":[{"name":"wp","href":"https:\/\/api.w.org\/{rel}","templated":true}]}}